69 is divided by 19?
17
Calculate the remainder when 156 is divided by 8.
4
Calculate the remainder when 1174 is divided by 12.
10
Calculate the remainder when 470 is divided by 17.
11
What is the remainder when 124 is divided by 64?
60
What is the remainder when 214 is divided by 12?
10
What is the remainder when 65 is divided by 34?
31
What is the remainder when 192 is divided by 9?
3
What is the remainder when 109 is divided by 100?
9
What is the remainder when 161 is divided by 54?
53
Calculate the remainder when 412 is divided by 404.
8
Calculate the remainder when 525 is divided by 31.
29
What is the remainder when 755 is divided by 373?
9
What is the remainder when 1852 is divided by 185?
2
Calculate the remainder when 4493 is divided by 155.
153
Calculate the remainder when 151 is divided by 70.
11
Calculate the remainder when 372 is divided by 124.
0
Calculate the remainder when 192 is divided by 143.
49
What is the remainder when 722 is divided by 6?
2
Calculate the remainder when 3191 is divided by 71.
67
What is the remainder when 768 is divided by 25?
18
What is the remainder when 358 is divided by 36?
34
What is the remainder when 752 is divided by 28?
24
What is the remainder when 927 is divided by 30?
27
What is the remainder when 1045 is divided by 103?
15
What is the remainder when 38 is divided by 16?
6
What is the remainder when 89 is divided by 22?
1
Calculate the remainder when 420 is divided by 49.
28
Calculate the remainder when 69 is divided by 14.
13
What is the remainder when 20 is divided by 17?
3
What is the remainder when 591 is divided by 36?
15
What is the remainder when 393 is divided by 99?
96
Calculate the remainder when 2252 is divided by 12.
8
What is the remainder when 261 is divided by 17?
6
Calculate the remainder when 2690 is divided by 100.
90
Calculate the remainder when 271 is divided by 259.
12
Calculate the remainder when 232 is divided by 212.
20
Calculate the remainder when 5012 is divided by 52.
20
Calculate the remainder when 387 is divided by 353.
34
Calculate the remainder when 336 is divided by 76.
32
What is the remainder when 18 is divided by 5?
3
Calculate the remainder when 917 is divided by 23.
20
What is the remainder when 358 is divided by 354?
4
What is the remainder when 616 is divided by 221?
174
What is the remainder when 139 is divided by 29?
23
Calculate the remainder when 1388 is divided by 58.
54
Calculate the remainder when 84 is divided by 18.
12
Calculate the remainder when 1569 is divided by 518.
15
What is the remainder when 205 is divided by 73?
59
Calculate the remainder when 888 is divided by 38.
14
Calculate the remainder when 2009 is divided by 67.
66
Calculate the remainder when 2161 is divided by 23.
22
Calculate the remainder when 29 is divided by 8.
5
What is the remainder when 2999 is divided by 2993?
6
What is the remainder when 150 is divided by 148?
2
What is the remainder when 92 is divided by 67?
25
Calculate the remainder when 46 is divided by 12.
10
Calculate the remainder when 8877 is divided by 12.
9
Calculate the remainder when 772 is divided by 45.
7
Calculate the remainder when 13 is divided by 8.
5
Calculate the remainder when 111 is divided by 24.
15
What is the remainder when 405 is divided by 128?
21
What is the remainder when 18 is divided by 1?
0
What is the remainder when 6629 is divided by 78?
77
What is the remainder when 415 is divided by 13?
12
Calculate the remainder when 11022 is divided by 26.
24
Calculate the remainder when 257 is divided by 52.
49
What is the remainder when 1909 is divided by 636?
1
What is the remainder when 483 is divided by 164?
155
What is the remainder when 35 is divided by 12?
11
Calculate the remainder when 1518 is divided by 49.
48
What is the remainder when 449 is divided by 109?
13
Calculate the remainder when 211 is divided by 58.
37
Calculate the remainder when 928 is divided by 79.
59
What is the remainder when 240 is divided by 42?
30
Calculate the remainder when 149 is divided by 68.
13
What is the remainder when 8394 is divided by 221?
217
Calculate the remainder when 440 is divided by 128.
56
What is the remainder when 817 is divided by 20?
17
What is the remainder when 37776 is divided by 21?
18
Calculate the remainder when 14 is divided by 9.
5
Calculate the remainder when 33 is divided by 4.
1
What is the remainder when 432 is divided by 431?
1
What is the remainder when 2388 is divided by 29?
10
What is the remainder when 116 is divided by 88?
28
What is the remainder when 6857 is divided by 5?
2
What is the remainder when 152 is divided by 69?
14
Calculate the remainder when 7279 is divided by 208.
207
What is the remainder when 51 is divided by 23?
5
Calculate the remainder when 910 is divided by 24.
22
Calculate the remainder when 13610 is divided by 83.
81
Calculate the remainder when 501 is divided by 242.
17
Calculate the remainder when 4910 is divided by 14.
10
Calculate the remainder when 866 is divided by 1.
0
What is the remainder when 2779 is divided by 278?
277
What is the remainder when 2498 is divided by 61?
58
What is the remainder when 298 is divided by 12?
10
What is the remainder when 7333 is divided by 45?
43
What is the remainder when 731 is divided by 23?
18
Calculate the remainder when 1293 is divided by 22.
17
What is the remainder when 589 is divided by 124?
93
What is the remainder when 199 is divided by 23?
15
Calculate the remainder when 20 is divided by 7.
6
What is the remainder when 3719 is divided by 1859?
1
What is the remainder when 303 is divided by 17?
14
What is the remainder when 1039 is divided by 52?
51
Calculate the remainder when 38 is divided by 4.
2
What is the remainder when 225 is divided by 209?
16
What is the remainder when 382 is divided by 12?
10
Calculate the remainder when 29 is divided by 8.
5
What is the remainder when 579 is divided by 229?
121
Calculate the remainder when 114 is divided by 31.
21
Calculate the remainder when 333 is divided by 56.
53
Calculate the remainder when 2353 is divided by 107.
106
Calculate the remainder when 122 is divided by 31.
29
Calculate the remainder when 76 is divided by 41.
35
What is the remainder when 106 is divided by 78?
28
Calculate the remainder when 6966 is divided by 13.
11
What is the remainder when 26399 is divided by 24?
23
What is the remainder when 3667 is divided by 609?
13
Calculate the remainder when 881 is divided by 175.
6
What is the remainder when 553 is divided by 112?
105
Calculate the remainder when 71 is divided by 25.
21
Calculate the remainder when 1718 is divided by 115.
108
What is the remainder when 222 is divided by 57?
51
What is the remainder when 469 is divided by 94?
93
What is the remainder when 51 is divided by 28?
23
What is the remainder when 37 is divided by 24?
13
What is the remainder when 143 is divided by 18?
17
Calculate the remainder when 8591 is divided by 15.
11
Calculate the remainder when 611 is divided by 597.
14
Calculate the remainder when 171 is divided by 44.
39
Calculate the remainder when 125 is divided by 23.
10
Calculate the remainder when 589 is divided by 11.
6
What is the remainder when 94 is divided by 40?
14
Calculate the remainder when 188 is divided by 42.
20
What is the remainder when 176 is divided by 101?
75
What is the remainder when 796 is divided by 35?
26
What is the remainder when 24 is divided by 15?
9
What is the remainder when 781 is divided by 80?
61
What is the remainder when 437 is divided by 54?
5
Calculate the remainder when 185 is divided by 60.
5
Calculate the remainder when 231 is divided by 60.
51
Calculate the remainder when 1462 is divided by 49.
41
What is the remainder when 922 is divided by 6?
4
What is the remainder when 1233 is divided by 96?
81
What is the remainder when 94 is divided by 59?
35
Calculate the remainder when 298 is divided by 76.
70
What is the remainder when 274 is divided by 91?
1
What is the remainder when 3392 is divided by 199?
9
What is the remainder when 264 is divided by 71?
51
What is the remainder when 12446 is divided by 27?
26
What is the remainder when 3093 is divided by 163?
159
What is the remainder when 99 is divided by 8?
3
What is the remainder when 21 is divided by 17?
4
What is t